Convert -5c (base 16) to base 13.
-71
Convert -2 (base 13) to base 11.
-2
Convert -10 (base 5) to base 11.
-5
What is 55 (base 7) in base 4?
220
4 (base 7) to base 8
4
Convert -223 (base 6) to base 4.
-1113
204 (base 10) to base 14
108
Convert 25 (base 12) to base 5.
104
62 (base 7) to base 9
48
Convert 4 (base 6) to base 7.
4
What is 2b (base 14) in base 4?
213
What is -20 (base 3) in base 6?
-10
What is 124 (base 5) in base 7?
54
-c6 (base 16) to base 8
-306
213 (base 5) to base 11
53
Convert 13 (base 10) to base 15.
d
What is 95 (base 15) in base 3?
12012
32 (base 5) to base 13
14
Convert 27 (base 14) to base 8.
43
12 (base 7) to base 15
9
Convert 145 (base 6) to base 14.
49
What is 0 (base 8) in base 14?
0
What is -3 (base 13) in base 16?
-3
What is 1 (base 16) in base 8?
1
What is -44 (base 14) in base 15?
-40
Convert 6 (base 14) to base 2.
110
-2c (base 16) to base 10
-44
0 (base 16) to base 6
0
Convert -21 (base 12) to base 14.
-1b
7 (base 16) to base 2
111
What is -1101111 (base 2) in base 6?
-303
What is 2 (base 4) in base 7?
2
What is -1204 (base 5) in base 12?
-12b
1 (base 13) to base 5
1
Convert 48 (base 10) to base 7.
66
What is 8 (base 16) in base 14?
8
Convert 4 (base 5) to base 13.
4
Convert 121 (base 3) to base 13.
13
-2 (base 7) to base 11
-2
What is -51 (base 13) in base 2?
-1000010
What is a (base 16) in base 2?
1010
What is -13 (base 16) in base 4?
-103
What is 184 (base 11) in base 9?
256
-14 (base 11) to base 7
-21
-31 (base 7) to base 3
-211
What is -1 (base 2) in base 10?
-1
Convert -5 (base 16) to base 15.
-5
-23 (base 7) to base 16
-11
What is -4 (base 6) in base 12?
-4
8 (base 13) to base 6
12
Convert -3 (base 11) to base 2.
-11
What is -3b (base 14) in base 5?
-203
Convert 12 (base 4) to base 15.
6
What is 97 (base 10) in base 9?
117
Convert -4 (base 11) to base 7.
-4
What is 3 (base 15) in base 2?
11
-16 (base 7) to base 16
-d
Convert 3 (base 16) to base 8.
3
-5 (base 14) to base 4
-11
-36 (base 13) to base 5
-140
7 (base 12) to base 13
7
What is 2 (base 16) in base 5?
2
Convert -12 (base 12) to base 5.
-24
What is 2 (base 7) in base 8?
2
What is 5 (base 7) in base 11?
5
4 (base 5) to base 3
11
2 (base 14) to base 9
2
-1 (base 3) to base 14
-1
What is -1 (base 13) in base 12?
-1
Convert -11 (base 4) to base 5.
-10
-2 (base 14) to base 11
-2
What is 257 (base 8) in base 16?
af
What is -11 (base 2) in base 4?
-3
Convert 1210 (base 4) to base 6.
244
Convert -d (base 14) to base 3.
-111
383 (base 9) to base 14
18a
Convert 12 (base 11) to base 7.
16
2 (base 13) to base 4
2
Convert 13 (base 5) to base 6.
12
2 (base 14) to base 6
2
3 (base 4) to base 6
3
What is 1 (base 9) in base 10?
1
4 (base 10) to base 16
4
What is 11 (base 5) in base 10?
6
Convert -52 (base 9) to base 5.
-142
-2 (base 12) to base 14
-2
1 (base 13) to base 9
1
Convert d (base 15) to base 4.
31
Convert -8 (base 13) to base 9.
-8
What is -22 (base 4) in base 13?
-a
16 (base 8) to base 6
22
What is 2331 (base 4) in base 9?
230
Convert 0 (base 12) to base 11.
0
312 (base 7) to base 6
420
17 (base 8) to base 6
23
1 (base 10) to base 15
1
Convert 2 (base 13) to base 3.
2
Convert 4 (base 15) to base 13.
4
What is -1101 (base 2) in base 9?
-14
0 (base 8) to base 7
0
What is -110 (base 11) in base 8?
-204
Convert -112020 (base 3) to base 10.
-384
What is -25 (base 6) in base 15?
-12
What is -133 (base 10) in base 6?
-341
What is 0 (base 8) in base 11?
0
-2 (base 15) to base 11
-2
Convert 1a (base 16) to base 7.
35
-11 (base 11) to base 10
-12
What is -1 (base 2) in base 13?
-1
Convert 0 (base 3) to base 6.
0
Convert 20 (base 11) to base 6.
34
What is -113 (base 8) in base 3?
-2210
Convert 92 (base 12) to base 3.
11002
Convert -37 (base 10) to base 11.
-34
What is 251 (base 7) in base 2?
10000110
2022 (base 5) to base 7
523
What is d5 (base 14) in base 11?
160
Convert -31 (base 10) to base 5.
-111
-45 (base 10) to base 16
-2d
1 (base 6) to base 3
1
Convert 2c (base 13) to base 6.
102
2 (base 5) to base 12
2
Convert -22 (base 16) to base 7.
-46
Convert -10011 (base 2) to base 15.
-14
Convert 18 (base 10) to base 8.
22
4 (base 6) to base 16
4
What is -1 (base 3) in base 5?
-1
Convert 19 (base 13) to base 3.
211
What is 1110 (base 2) in base 13?
11
Convert 6 (base 12) to base 4.
12
-1001 (base 2) to base 8
-11
What is -3a (base 11) in base 13?
-34
What is 99 (base 14) in base 3?
12000
-14 (base 8) to base 12
-10
Convert 14 (base 5) to base 9.
10
Convert -41 (base 9) to base 14.
-29
Convert 4 (base 13) to base 16.
4
Convert -57 (base 10) to base 3.
-2010
What is 36 (base 14) in base 8?
60
What is -b (base 12) in base 3?
-102
-40 (base 16) to base 15
-44
Convert 62 (base 7) to base 2.
101100
What is -16 (base 14) in base 12?
-18
What is -8 (base 14) in base 15?
-8
What is 10 (base 16) in base 10?
16
What is 23 (base 8) in base 15?
14
What is -312 (base 4) in base 12?
-46
Convert 85 (base 14) to base 3.
11100
-4 (base 6) to base 16
-4
What is 0 (base 9) in base 6?
0
What is -5 (base 12) in base 9?
-5
Convert -10 (base 7) to base 2.
-111
What is -300 (base 5) in base 7?
-135
111 (base 2) to base 8
7
Convert -10b (base 12) to base 11.
-131
9 (base 16) to base 3
100
-5 (base 8) to base 2
-101
What is 1 (base 3) in base 6?
1
3 (base 11) to base 15
3
1 (base 6) to base 11
1
What is 43 (base 8) in base 12?
2b
What is -6 (base 14) in base 15?
-6
-1 (base 3) to base 6
-1
What is 3 (base 11) in base 10?
3
What is 21101 (base 3) in base 12?
147
Convert -97 (base 11) to base 5.
-411
-144 (base 7) to base 12
-69
Convert 8 (base 11) to base 13.
8
36 (base 9) to base 4
201
What is 111 (base 2) in base 14?
7
55 (base 16) to base 13
67
14 (base 6) to base 7
13
Convert 1 (base 15) to base 5.
1
What is -74 (base 10) in base 6?
-202
Convert -1 (base 8) to base 12.
-1
Convert -1321 (base 4) to base 3.
-11111
-1010 (base 4) to base 11
-62
8 (base 12) to base 10
8
305 (base 6) to base 13
89
Convert 10 (base 6) to base 3.
20
What is -1 (base 12) in base 6?
-1
-6 (base 9) to base 10
-6
What is -3 (base 8) in base 14?
-3
-2 (base 14) to base 9
-2
What is 10101 (base 4) in base 14?
157
What is 10 (base 2) in base 7?
2
What is 1021 (base 3) in base 13?
28
201 (base 3) to base 11
18
What is 1 (base 5) in base 4?
1
-20 (base 12) to base 8
-30
What is 88 (base 10) in base 14?
64
10 (base 8) to base 13
8
-51 (base 8) to base 4
-221
130 (base 4) to base 11
26
13 (base 10) to base 2
1101
0 (base 5) to base 13
0
What is 12020 (base 4) in base 12?
288
What is 34 (base 6) in base 8?
26
-d (base 16) to base 3
-111
-b (base 14) to base 13
-b
What is -303 (base 5) in base 11?
-71
Convert -4 (base 8) to base 15.
-4
24 (base 8) to base 10
20
Convert -2111 (base 3) to base 8.
-103
Convert 1 (base 6) to base 9.
1
What is -11 (base 14) in base 7?
-21
What is 12 (base 7) in base 4?
21
Convert 2 (base 4) to base 5.
2
Convert -2 (base 12) to base 10.
-2
What is -2 (base 15) in base 8?
-2
What is 1b6 (base 14) in base 11?
2a4
3 (base 4) to base 16
3
2 (base 11) to base 6
2
60 (base 7) to base 10
42
Convert 3 (base 7) to base 13.
3
-3 (base 6) to base 4
-3
What is -1101001 (base 2) in base 5?
-410
Convert 52 (base 10) to base 5.
202
-1 (base 12) to base 3
-1
Convert 7 (base 14) to base 4.
13
What is -33 (base 4) in base 2?
-1111
Convert -69 (base 16) to base 7.
-210
What is -41 (base 8) in base 16?
-21
3 (base 9) to base 8
3
What is -18 (base 9) in base 3?
-122
What is 2 (base 11) in base 6?
2
11110 (base 2) to base 10
30
Convert 18 (base 9) to base 3.
122
e (base 15) to base 6
22
Convert 8 (base 16) to base 14.
8
What is 40 (base 10) in base 16?
28
-2 (base 16) to base 12
-2
What is -c (base 16) in base 3?
-110
5 (base 15) to base 8
5
What is 4 (base 5) in base 3?
11
2111 (base 3) to base 13
52
What is 25 (base 10) in base 15?
1a
What is 43 (base 7) in base 4?
133
Convert 1 (base 6) to base 11.
1
Convert -2 (base 5) to base 2.
-10
313 (base 5) to base 7
146
-60 (base 10) to base 8
-74
What is -8c (base 13) in base 11?
-a6
What is -1a (base 15) in base 5?
-100
What is -10 (base 15) in base 4?
-33
5 (base 16) to base 10
5
5 (base 6) to base 10
5
-1023 (base 4) to base 3
-2210
What is 124 (base 8) in base 6?
220
Convert -10 (base 2) to base 5.
-2
What is -7 (base 14) in base 3?
-21
Convert -11 (base 10) to base